{"id":2,"date":"2016-09-15T18:43:33","date_gmt":"2016-09-15T16:43:33","guid":{"rendered":"http:\/\/pancl.fr\/?page_id=2"},"modified":"2020-12-28T12:02:35","modified_gmt":"2020-12-28T11:02:35","slug":"page-accueil","status":"publish","type":"page","link":"https:\/\/pancl.fr\/","title":{"rendered":""},"content":{"rendered":"\n<p><strong><img decoding=\"async\" src=\"https:\/\/pancl.fr\/wp-content\/uploads\/2020\/12\/2013-12-02-157-Porto-Lundi-300x199.jpg\" alt=\"\" style=\"width: 2100px;\"><\/strong><\/p>\n\n\n<h2 style=\"text-align: left;\"><strong>Ce site est destin\u00e9 \u00e0 publier simplement des photographies, petits films et petites histoires v\u00e9cues <\/strong><strong>dans le seul but de n\u2019avoir aucun but.<\/strong><\/h2>\n\n\n<p class=\"has-bright-red-color has-text-color\" style=\"font-size:14px\"><strong>B<em>ien s\u00fbr, les images ne sont copiables ou diffusables qu&rsquo;avec l&rsquo;accord express de leur auteur<\/em>.<\/strong><\/p>\n","protected":false},"excerpt":{"rendered":"<p>Ce site est destin\u00e9 \u00e0 publier simplement des photographies, petits films et petites histoires v\u00e9cues dans le seul but de n\u2019avoir aucun but. Bien s\u00fbr, les images ne sont copiables ou diffusables qu&rsquo;avec l&rsquo;accord express de leur auteur.<\/p>\n","protected":false},"author":1,"featured_media":0,"parent":0,"menu_order":0,"comment_status":"closed","ping_status":"closed","template":"","meta":{"footnotes":""},"class_list":["post-2","page","type-page","status-publish","hentry"],"_links":{"self":[{"href":"https:\/\/pancl.fr\/index.php\/wp-json\/wp\/v2\/pages\/2","targetHints":{"allow":["GET"]}}],"collection":[{"href":"https:\/\/pancl.fr\/index.php\/wp-json\/wp\/v2\/pages"}],"about":[{"href":"https:\/\/pancl.fr\/index.php\/wp-json\/wp\/v2\/types\/page"}],"author":[{"embeddable":true,"href":"https:\/\/pancl.fr\/index.php\/wp-json\/wp\/v2\/users\/1"}],"replies":[{"embeddable":true,"href":"https:\/\/pancl.fr\/index.php\/wp-json\/wp\/v2\/comments?post=2"}],"version-history":[{"count":8,"href":"https:\/\/pancl.fr\/index.php\/wp-json\/wp\/v2\/pages\/2\/revisions"}],"predecessor-version":[{"id":66,"href":"https:\/\/pancl.fr\/index.php\/wp-json\/wp\/v2\/pages\/2\/revisions\/66"}],"wp:attachment":[{"href":"https:\/\/pancl.fr\/index.php\/wp-json\/wp\/v2\/media?parent=2"}],"curies":[{"name":"wp","href":"https:\/\/api.w.org\/{rel}","templated":true}]}}